 p = 104 - 54. Let b be 2/(-10) - 140/p. Calculate g(b).
-11
Let t(k) = 12*k**2 + 9*k - 9. Let c(s) = -3*s**2 - 2*s + 2. Let y = 0 + -5. Let z(g) = y*t(g) - 21*c(g). What is z(2)?
9
Let r(b) = b**2 + 13*b + 46. Let z be r(-8). Let y(x) = -x**2 + 8*x - 6. What is y(z)?
6
Let o(d) = d**2 - 2*d + 9. Let t(f) = 2*f**2 - 3*f + 17. Let a(h) = 11*o(h) - 6*t(h). Let j = 1 - 0. Let b = j + -5. What is a(b)?
-3
Let d(n) = 4*n + 45. Let u = -796 - -787. Calculate d(u).
9
Let u(j) be the third derivative of j**5/30 + j**4/8 - 2*j**3/3 + j**2. Let s(d) = d**3 - d**2 - d - 3. Let m be s(0). What is u(m)?
5
Let x be (-2)/5*20/(-8). Let b(v) = -6*v + 5*v + 2*v + 3*v**3 + x. Calculate b(-2).
-25
Suppose 4*c = 2*c + 2. Let j be c/5 + (-48)/(-10). Let a(s) = -s**2 + 5*s + 6. What is a(j)?
6
Suppose 0 = -2*l - p + 3, 3 = -3*l + 4*l + p. Let d(i) be the second derivative of l + 4*i + 1/6*i**3 - 5*i**2. Give d(6).
-4
Let l(a) = -a**3 - a**2 + 3. Let v(y) = 4*y**3 + 5*y**2 + 2*y - 13. Let k(n) = 9*l(n) + 2*v(n). Determine k(3).
-5
Let y(l) = -l - 8. Let w be y(-18). Suppose 14 - 53 = -5*q + 2*r, 4*q - 22 = -3*r. Let o = q - w. Let c(g) = 2*g + 2. Give c(o).
-4
Let m(q) be the first derivative of -q**6/360 - q**5/30 + q**4/8 + 8*q**3/3 + 5. Let k(y) be the third derivative of m(y). Suppose 16 = v - 5*v. Determine k(v).
3
Let f(j) = j**3 - 12*j**2 - 13*j + 5. Let u(n) = 2*n**2 + 2*n + 2. Let c(h) = f(h) + 6*u(h). Determine c(0).
17
Let z(w) = w**3 + 17*w**2 - 20*w - 20. Let s = -1076 + 1058. Calculate z(s).
16
Let r(d) = 8*d**2 - 6*d - 7. Let m(c) = -7*c**2 + 5*c + 6. Suppose -18 = -o - 3*g, -4*o - 5*g = -55 + 11. Let s(i) = o*r(i) + 7*m(i). What is s(-1)?
0
Let n(b) = -3*b**2 + b**3 + 7 + 8*b**2 + b + b. Let t(v) = -5*v - 4. Let y be t(-5). Suppose -2*j + 2*h - y = 3*j, -j - 15 = 5*h. Determine n(j).
-3
Let x(y) = -y - 9. Let o(g) = 34*g - 676. Let h be o(20). Calculate x(h).
-13
Let h(z) = -z - 5. Let v(r) = -2*r - 1. Let l(n) = h(n) - 6*v(n). Calculate l(2).
23
Let i(h) be the third derivative of 3*h**2 + 0 - 1/6*h**4 - 1/2*h**3 + 0*h. Calculate i(-5).
17
Suppose 78 = 45*d - 6*d. Let f(w) = w**2 - 4*w + 3. Determine f(d).
-1
Let z(c) = -15*c**3 - c**2 - 7*c - 6. Let k(h) = h**3 + h + 1. Let o(p) = -5*k(p) - z(p). Suppose 3*y + 3*i + 19 = -y, 5*i = 3*y - 22. What is o(y)?
-10
Let v(w) = w**3 + 6*w**2 - 8*w. Let u(c) = 10*c + 93. Let j be u(-10). Calculate v(j).
7
Let n(x) = -16*x**2 - 7*x - 4. Let v(w) = 5*w**2 + 2*w + 1. Let g(l) = -2*n(l) - 7*v(l). Suppose 4*j = 3*y - 11, -3*j = -3*y - 2*y + 11. What is g(j)?
-11
Let p(x) be the second derivative of -x**3/2 + 5*x**2/2 - 2*x + 2. Calculate p(-6).
23
Let h(s) = -678 + 1345 + 8*s - 672 + s**2. Calculate h(-6).
-17
Let w be (-304)/228 - (-32)/6. Let a(r) = 2*r**2 - 4*r + 5. What is a(w)?
21
Let y be 6 - -6*4/(-24). Let j(d) = -d**3 + 5*d**2 - d + 6. Determine j(y).
1
Let l(n) = -n**3 - 7*n**2 + 3*n + 9. Let j be (-152)/28 - (-13)/(637/(-28)). Calculate l(j).
-45
Let c = -1216/3 - -406. Let v(k) be the second derivative of -1/3*k**4 - c*k**3 + 0 + 4*k + 1/20*k**5 + 3*k**2. Determine v(5).
11
Let g(f) be the first derivative of -f**3/3 + 3*f + 632. Calculate g(-5).
-22
Suppose 2*z + 2*s = 27 - 31, -3*s = 4*z + 8. Suppose t + 4*t = 15. Let f(b) = 2*b - 2*b + 5*b - t*b. Determine f(z).
-4
Let a(w) = 0*w**3 - w**3 - w**2 + w + 3 + 0. Let p = 13 - 3. Let q be (-2)/(-4)*(p + -10). Calculate a(q).
3
Let l(v) = -4*v**2 + 4*v - 2. Let m(n) = 17*n**2 - 15*n + 15. Let y(u) = 9*l(u) + 2*m(u). Determine y(6).
-24
Let r be 2 + -34 - (-1)/1. Let c = r - -34. Let n(y) = 2*y. Give n(c).
6
Suppose -11 = -l + 3. Let j(x) = -l - 12 + 1 - 12*x**2 - 11*x**3 - 13*x. Let p(w) = 5*w**3 + 6*w**2 + 6*w + 12. Let y(i) = 6*j(i) + 13*p(i). Calculate y(6).
6
Let l(q) be the third derivative of q**6/120 - 3*q**5/20 + 3*q**4/8 - q**3/3 - 63*q**2 - 1. Calculate l(8).
6
Let d(n) = 4*n**2 - 4*n + 2. Let s(j) = -j**3 - 8*j**2 + 9*j + 3. Suppose 9 = 10*w - 11*w. Let h be s(w). Calculate d(h).
26
Let q = 32 + -32. Let z(n) = -n**2 + n + 5. Calculate z(q).
5
Suppose -4*k + k + 28 = 5*l, -28 = -4*k - 2*l. Let s(y) = y**3 - 2*y**3 + 4*y**2 + 8 + 2*y**2 - y. What is s(k)?
2
Let k(z) be the second derivative of -3*z**5/4 - z**4/6 + z**2/2 - 3*z. Suppose -10 = -5*w + 3*i, 41*w - 43*w = -4*i - 18. Give k(w).
14
Let u(j) be the first derivative of -j**3/3 + 5*j**2 - 15*j - 153. Calculate u(9).
-6
Let x(j) = 5*j - 1. Let n(a) = -8*a - 10. Let i be n(-2). Suppose -4*t = 2*t - i. Give x(t).
4
Let z(v) = -v**2 + 7*v - 13. Let f(b) = -16*b - 10. Let q be f(-1). Determine z(q).
-7
Let q(u) be the second derivative of -u**3/6 - 4*u**2 - 84*u - 8. Let h be ((-3)/(-2) - 1)*0. Give q(h).
-8
Suppose -3*m - 9 = 0, 0 = -5*c + 6*c + 2*m + 1. Let y(b) = 10*b**2 - 15*b + 12. Let q(u) = 3*u**2 - 5*u + 4. Let s(o) = -7*q(o) + 2*y(o). Calculate s(c).
-4
Let n(u) = -9*u - 31. Let s(r) = 5*r + 16. Let q(d) = 4*n(d) + 7*s(d). Suppose 0 = 8*p + 33 + 23. Determine q(p).
-5
Suppose -44*d = -5*d - 78. Let g(i) = 4. Let u(n) = -n + 1. Let q(r) = g(r) - 2*u(r). Give q(d).
6
Let q(n) = -n - 2. Suppose -2*s + 4*s + 4 = 2*d, 5*s = -3*d + 22. Suppose 16 = -2*g - s*g. Calculate q(g).
2
Let h(q) = q**3 + 11*q**2 + 18*q - 3. Let c be h(-9). Let o be (-3)/6*-6 + c. Let k(d) = d + 3. Determine k(o).
3
Let s(f) = 13*f + 104. Let t be s(-7). Let i(y) = y**3 - 12*y**2 - 12*y + 12. Determine i(t).
25
Suppose 0 = -4*y + 5*q - 9, 8*y - 6 = 4*y + 2*q. Let p(s) = -s**3 + 7*s + 3*s**2 - 37*s + 3 + 34*s. Calculate p(y).
3
Suppose 4*s = 5*b - 180, 36 = -2*b + 3*b - s. Suppose -6*j + b = -10*j. Let i(r) = r + 17. What is i(j)?
8
Let a(m) = 3*m - 10*m + 5 - 3 + 8*m - 7*m**2. Calculate a(-1).
-6
Let j(x) be the second derivative of 2/3*x**3 - 2*x**2 + 0 - x. Determine j(3).
8
Let x = 17 - 13. Let c(w) = -2*w + x*w + 2 + 7*w. Determine c(-2).
-16
Let k(f) = -3*f - 24. Let n(t) = 2*t + 12. Let m(l) = -3*k(l) - 4*n(l). Give m(-13).
11
Let o(l) = -l**3 + l**2 + 6*l - 1. Let j(s) = -s**3 - 2*s**2 + 38*s + 108. Let p be j(-3). Give o(p).
-1
Let t(x) = 19*x**2. Let c(r) = r**3 - 16*r**2 + 24*r - 134. Let d be c(15). Give t(d).
19
Let t(w) = -w**2 - 8*w - 8. Let p be 6*(2 - (-12)/(-8)). Suppose 2*r + 2*r = a + 19, 4*a + 19 = -p*r. Calculate t(a).
-1
Let a(f) = -6*f**2 + 8*f - 7. Let m(b) = 13*b**2 - 17*b + 15. Let t(j) = -9*a(j) - 4*m(j). Give t(3).
9
Let y be (-3)/(-4) - (-969)/(-76). Let k = -10 - y. Let j(g) = 2*g + 2. Calculate j(k).
6
Let s(o) = o**3 + 4*o**2 - 5*o - 4. Suppose -222 = 36*z - 42. Give s(z).
-4
Let i(j) = j**3 + 5*j**2 - 2. Let u = -35 - -55. Let m = u + -25. Give i(m).
-2
Suppose 20 - 25 = -t. Let b(c) = c**3 + 6*c**2 - 2*c**3 + 0*c**2 - 6*c. Give b(t).
-5
Let c be 4/6 + (-7 - (-44)/6). Let a(p) = -12*p**2 - p. What is a(c)?
-13
Let v(n) = -n**2 + 9*n - 8. Let j be v(6). Suppose -30 = -4*w - j. Suppose w*b + 3*i + i = -12, -3*i + 6 = 0. Let x(y) = y**2 - 5. Give x(b).
11
Let k be (8/(-6))/((-32)/48). Let b(y) = 2*y**2 + y + 3. Give b(k).
13
Let v(l) = -2*l - 2. Let f(t) = 14*t + 11. Let a(j) = f(j) + 6*v(j). What is a(2)?
3
Let l(b) = b - 7. Let j(s) = 2*s - 15. Let o(z) = j(z) - 3*l(z). Determine o(8).
-2
Suppose -4*j - 6 = -46. Let y = j + -10. Suppose 5*r - 6*r = y. Let f(t) = -t**3 + t**2 + t + 6. What is f(r)?
6
Suppose -16*d + 14*d + 4*o + 18 = 0, 2*o + 8 = 0. Let f(p) = 7*p**3 - 2*p**2 - p + 2. Give f(d).
6
Let x be -10 + 11 - (0 + 2). Let n(o) = -7*o**3 + 13*o**3 + 10*o**3. What is n(x)?
-16
Let j(f) = -f**3 - 9*f**2 - 7*f + 11. Let t = 642 + -650. Calculate j(t).
3
Let n(f) = -1 - 8*f + 4*f - 3*f + 5*f. Determine n(-1).
1
Let u(j) = -j**2 + 16*j + 2. Suppose 374 = -6*h + 470. Calculate u(h).
2
Let h(o) = -o + 18. Suppose -2*d - 2*c = -c - 27, -d - c + 13 = 0. Let v be h(d). Suppose -i + 5*i + v = 0. Let k(z) = 8*z**2 - 1. Determine k(i).
7
Let f(n) = 4*n**2 - 4*n + 48*n**3 + 3 + 0*n**2 - 87*n**3 + 38*n**3. Suppose -u + 7 = -2*z - 0*z, 0 = -u - z + 1. What is f(u)?
0
Let x(s) = s**2 + 6. Let g(v) = -11*v**2 - 3*v. Let b(o) = 7*o**2 + 2*o. Let d(h) = 8*b(h) + 5*g(h). Let i be d(-1). Calculate x(i).
6
Let f(z) = -z**3 - z**2. Let j(s) = -s**2 + 27*s - 124. Let h be j(6). Calculate f(h).
-12
Let y(h) = -h - 7. Let r(m) = m**3 + 15*m**2 - m - 25. Let v be r(-15). What is y(v)?
3
Let j(f) = 32*